False
Is 3386071 composite?
True
Is 89528843 composite?
True
Is 5103881 a prime number?
True
Is 200330531 a composite number?
False
Is 1541931 composite?
True
Is 252658477 a prime number?
True
Is 113781137 prime?
True
Is 18611081 a composite number?
False
Is 6369877 prime?
False
Is 23600927 a prime number?
False
Is 4052389 composite?
True
Is 4473067 a composite number?
True
Is 4035338 a prime number?
False
Is 3596521 a prime number?
True
Is 79375351 a prime number?
False
Is 4225709 a prime number?
True
Is 3922871 a prime number?
True
Is 138766713 a prime number?
False
Is 236758841 composite?
True
Is 17800253 composite?
False
Is 36293 a prime number?
True
Is 4071401 a prime number?
True
Is 686759 a prime number?
False
Is 123236537 prime?
True
Is 4915673 a prime number?
False
Is 46933867 composite?
False
Is 79773211 a prime number?
False
Is 37637615 prime?
False
Is 25189607 composite?
True
Is 14647411 composite?
True
Is 915767 prime?
False
Is 26278823 a prime number?
True
Is 25250801 a prime number?
True
Is 1662497 a composite number?
True
Is 4072241 a prime number?
False
Is 16669778 a composite number?
True
Is 2201897 a composite number?
False
Is 960001 a prime number?
False
Is 339420229 a prime number?
False
Is 284902537 a prime number?
True
Is 10155169 a composite number?
True
Is 1819807 a prime number?
False
Is 12806873 prime?
True
Is 4458385 composite?
True
Is 43729541 a composite number?
False
Is 4219427 composite?
False
Is 31641611 prime?
False
Is 2087767 a composite number?
True
Is 3567293 prime?
True
Is 56438411 prime?
False
Is 25441967 composite?
False
Is 250855057 a prime number?
True
Is 60159797 prime?
True
Is 100263577 a prime number?
True
Is 11776819 a composite number?
False
Is 13086397 composite?
False
Is 28001 composite?
False
Is 19160179 a composite number?
True
Is 10366439 composite?
False
Is 1421339 a composite number?
False
Is 222522637 a composite number?
False
Is 102839791 a prime number?
True
Is 13063143 a composite number?
True
Is 8825347 prime?
False
Is 333958334 composite?
True
Is 17825441 a prime number?
False
Is 28857589 a prime number?
True
Is 84855503 a prime number?
False
Is 285937 a prime number?
True
Is 931937 prime?
False
Is 40793411 a composite number?
True
Is 3539983 prime?
False
Is 2459794 a prime number?
False
Is 2528659 prime?
False
Is 9078709 a composite number?
False
Is 177746801 a prime number?
True
Is 1047803 a prime number?
False
Is 13239393 a prime number?
False
Is 69575417 prime?
True
Is 45007817 prime?
True
Is 5619323 composite?
False
Is 2345183 a prime number?
False
Is 1252901153 a prime number?
False
Is 835382 a composite number?
True
Is 144852661 a composite number?
False
Is 4556053 a composite number?
True
Is 5315633 a prime number?
False
Is 220309589 a composite number?
False
Is 360938587 a prime number?
True
Is 8223863 composite?
False
Is 497470247 composite?
True
Is 18332677 a prime number?
False
Is 50489093 a composite number?
False
Is 12711929 composite?
False
Is 136469847 a composite number?
True
Is 49813453 prime?
True
Is 7853245 composite?
True
Is 10525997 a composite number?
False
Is 8666681 prime?
True
Is 211158661 a prime number?
False
Is 81582149 a prime number?
False
Is 84800069 a composite number?
True
Is 26240591 prime?
False
Is 343229 a prime number?
False
Is 250559399 prime?
True
Is 30102895 prime?
False
Is 248901779 composite?
True
Is 981473659 a composite number?
False
Is 122985097 a prime number?
True
Is 4396751 a prime number?
True
Is 8157509 prime?
True
Is 22623353 a composite number?
False
Is 3880346 a composite number?
True
Is 5964341 composite?
False
Is 1989257 a composite number?
True
Is 120553094 a prime number?
False
Is 2853223 a prime number?
False
Is 31754173 a prime number?
False
Is 325571 composite?
False
Is 4354903 a composite number?
True
Is 2916059 prime?
True
Is 381189649 prime?
False
Is 18045173 prime?
True
Is 23782085 composite?
True
Is 110421953 a composite number?
True
Is 10826381 composite?
False
Is 7480507 a prime number?
False
Is 2336659 composite?
True
Is 1001797 a composite number?
False
Is 6794009 a composite number?
True
Is 9265147 a prime number?
True
Is 32362769 a composite number?
False
Is 1227629 a composite number?
True
Is 241691 a prime number?
True
Is 9946571 a prime number?
True
Is 12793141 composite?
True
Is 173879005 composite?
True
Is 4515737 composite?
False
Is 33336287 composite?
False
Is 25055647 a composite number?
False
Is 1514453 a composite number?
False
Is 476993329 prime?
False
Is 1542377 a composite number?
False
Is 128048419 composite?
True
Is 2427137 a composite number?
False
Is 121991161 prime?
True
Is 98010953 a prime number?
False
Is 2180785 a prime number?
False
Is 25289837 a prime number?
False
Is 3201577 composite?
True
Is 1597267 prime?
False
Is 340984837 a composite number?
False
Is 10965107 composite?
False
Is 747493 a composite number?
False
Is 12343679 a composite number?
False
Is 798367 a prime number?
False
Is 300807233 prime?
True
Is 42157999 prime?
False
Is 3533837 a composite number?
True
Is 1653853 prime?
True
Is 1873633 a composite number?
False
Is 63569 a prime number?
False
Is 271929389 composite?
False
Is 653067143 composite?
False
Is 1461311 prime?
True
Is 104305919 composite?
False
Is 25567427 prime?
True
Is 72005053 prime?
False
Is 269236931 a prime number?
False
Is 3273131 a prime number?
False
Is 16868161 composite?
False
Is 20375174 composite?
True
Is 46644271 a composite number?
True
Is 2015921 composite?
False
Is 2573383 a composite number?
False
Is 113690591 prime?
False
Is 36434291 a prime number?
True
Is 17924891 prime?
True
Is 97073297 a prime number?
True
Is 12374786 prime?
False
Is 1361999 a prime number?
True
Is 147078083 composite?
False
Is 391206265 a prime number?
False
Is 40368161 a prime number?
True
Is 127417685 a composite number?
True
Is 1968499 prime?
False
Is 22553227 a composite number?
False
Is 38988197 a prime number?
False
Is 200169499 a composite number?
True
Is 2598247 a prime number?
True
Is 29069519 composite?
False
Is 120976307 composite?
True
Is 730177823 a composite number?
False
Is 60047267 prime?
False
Is 10037967 prime?
False
Is 190020071 prime?
True
Is 225619783 prime?
False
Is 21518827 prime?
False
Is 167191 a prime number?
True
Is 42075197 a composite number?
False
Is 248170145 a composite number?
True
Is 4236679 composite?
False
Is 25091993 composite?
True
Is 478307 a composite number?
True
Is 135634645 composite?
True
Is 96067421 a prime number?
True
Is 129137563 a prime number?
False
Is 920467 composite?
False
Is 214367 composite?
True
Is 26853927 prime?
False
Is 21959381 a prime number?
False
Is 277287239 a composite number?
False
Is 4741607 composite?
True
Is 37519611 composite?
True
Is 17606659 composite?
True
Is 61446821 prime?
True
Is 4107263 prime?
True
Is 1540409 prime?
False
Is 18259039 a prime number?
True
Is 10294871 a composite number?
False
Is 106941491 a prime number?
True
Is 7571111 composite?
True
Is 15891185 prime?
False
Is 1063871 a composite number?
False
Is 17894317 composite?
True
Is 246423271 a prime number?
True
Is 68563303 prime?
True
Is 3378734 a composite number?
True
Is 12286579 a composite number?
False
Is 636019 composite?
True
Is 3673937 prime?
True
Is 168049 composite?
True
Is 1526741 a prime number?
True
Is 8115301 a composite number?
True
Is 54046731 prime?
False
Is 4065239 a composite number?
True
Is 2342863 a composite number?
True
Is 2466787 a composite number?
False
Is 13232563 a prime number?
False
Is 1962469 a prime number?
True
Is 131773267 a composite number?
False
Is 702064357 prime?
True
Is 23518589 composite?
True
Is 1798607 prime?
False
Is 13081157 a prime number?
False
Is 1911071 prime?
False
Is 12642757 composite?
True
Is 8302883 prime?
False
Is 2400982 a composite number?
True
Is 838349 a prime number?
True
Is 4703513 composite?
True
Is 247440889 a prime number?
False
Is 9278413 a composite number?
True
Is 1401289 a prime number?
False
Is 42636233 composite?
False
Is 5259127 a composite number?
False
Is 1303333 a prime number?
False
Is 452005583 composite?
False
Is 5514491 a composite number?
True
Is 48351311 a composite number?
False
Is 15690583 a composite number?
False
Is 835489 composite?
False
Is 7541767 